{"id":271,"date":"2022-08-18T18:15:58","date_gmt":"2022-08-18T15:15:58","guid":{"rendered":"https:\/\/ksmuistiyhdistys.fi\/korttipakka\/?post_type=palautuminen&#038;p=271"},"modified":"2022-08-18T18:15:58","modified_gmt":"2022-08-18T15:15:58","slug":"62","status":"publish","type":"palautuminen","link":"https:\/\/ksmuistiyhdistys.fi\/korttipakka\/palautuminen\/62\/","title":{"rendered":"62"},"content":{"rendered":"<p><span data-sheets-value=\"{&quot;1&quot;:2,&quot;2&quot;:&quot;Tampereen yliopiston tutkimus: k\u00e4vely ulkona lounastauon aikana oli yhteydess\u00e4 parempaan keskittymiskykyyn ja v\u00e4h\u00e4isemp\u00e4\u00e4n v\u00e4symykseen iltap\u00e4iv\u00e4ll\u00e4 ennen kotiin l\u00e4ht\u00f6\u00e4. L\u00e4hde: Ty\u00f6kuormituksesta palautuminen: ty\u00f6- ja ymp\u00e4rist\u00f6psykologisten n\u00e4k\u00f6kulmien yhdist\u00e4minen (2012-2016)&quot;}\" data-sheets-userformat=\"{&quot;2&quot;:897,&quot;3&quot;:{&quot;1&quot;:0},&quot;10&quot;:0,&quot;11&quot;:4,&quot;12&quot;:0}\">Tampereen yliopiston tutkimus: k\u00e4vely ulkona lounastauon aikana oli yhteydess\u00e4 parempaan keskittymiskykyyn ja v\u00e4h\u00e4isemp\u00e4\u00e4n v\u00e4symykseen iltap\u00e4iv\u00e4ll\u00e4 ennen kotiin l\u00e4ht\u00f6\u00e4. L\u00e4hde: Ty\u00f6kuormituksesta palautuminen: ty\u00f6- ja ymp\u00e4rist\u00f6psykologisten n\u00e4k\u00f6kulmien yhdist\u00e4minen (2012-2016)<\/span><\/p>\n<ul>\n<li><span data-sheets-value=\"{&quot;1&quot;:2,&quot;2&quot;:&quot;K\u00e4y luontok\u00e4velyll\u00e4\/puistok\u00e4velyll\u00e4\/ulkoilemassa esim. 15 minuuttia ty\u00f6p\u00e4iv\u00e4n aikana.&quot;}\" data-sheets-userformat=\"{&quot;2&quot;:641,&quot;3&quot;:{&quot;1&quot;:0},&quot;10&quot;:0,&quot;12&quot;:0}\">K\u00e4y luontok\u00e4velyll\u00e4\/puistok\u00e4velyll\u00e4\/ulkoilemassa esim. 15 minuuttia ty\u00f6p\u00e4iv\u00e4n aikana.<\/span><\/li>\n<\/ul>\n","protected":false},"excerpt":{"rendered":"<p>Tampereen yliopiston tutkimus: k\u00e4vely ulkona lounastauon aikana oli yhteydess\u00e4 parempaan keskittymiskykyyn ja v\u00e4h\u00e4isemp\u00e4\u00e4n v\u00e4symykseen iltap\u00e4iv\u00e4ll\u00e4 ennen kotiin l\u00e4ht\u00f6\u00e4. L\u00e4hde: Ty\u00f6kuormituksesta [&hellip;]<\/p>\n","protected":false},"featured_media":0,"template":"","categories":[11],"yoast_head":"<!-- This site is optimized with the Yoast SEO plugin v19.11 - https:\/\/yoast.com\/wordpress\/plugins\/seo\/ -->\n<title>62 - Muistiterveys<\/title>\n<meta name=\"robots\" content=\"index, follow, max-snippet:-1, max-image-preview:large, max-video-preview:-1\" \/>\n<link rel=\"canonical\" href=\"https:\/\/ksmuistiyhdistys.fi\/korttipakka\/palautuminen\/62\/\" \/>\n<meta property=\"og:locale\" content=\"fi_FI\" \/>\n<meta property=\"og:type\" content=\"article\" \/>\n<meta property=\"og:title\" content=\"62 - Muistiterveys\" \/>\n<meta property=\"og:description\" content=\"Tampereen yliopiston tutkimus: k\u00e4vely ulkona lounastauon aikana oli yhteydess\u00e4 parempaan keskittymiskykyyn ja v\u00e4h\u00e4isemp\u00e4\u00e4n v\u00e4symykseen iltap\u00e4iv\u00e4ll\u00e4 ennen kotiin l\u00e4ht\u00f6\u00e4. L\u00e4hde: Ty\u00f6kuormituksesta [&hellip;]\" \/>\n<meta property=\"og:url\" content=\"https:\/\/ksmuistiyhdistys.fi\/korttipakka\/palautuminen\/62\/\" \/>\n<meta property=\"og:site_name\" content=\"Muistiterveys\" \/>\n<meta name=\"twitter:card\" content=\"summary_large_image\" \/>\n<meta name=\"twitter:label1\" content=\"Arvioitu lukuaika\" \/>\n\t<meta name=\"twitter:data1\" content=\"1 minuutti\" \/>\n<script type=\"application\/ld+json\" class=\"yoast-schema-graph\">{\"@context\":\"https:\/\/schema.org\",\"@graph\":[{\"@type\":\"WebPage\",\"@id\":\"https:\/\/ksmuistiyhdistys.fi\/korttipakka\/palautuminen\/62\/\",\"url\":\"https:\/\/ksmuistiyhdistys.fi\/korttipakka\/palautuminen\/62\/\",\"name\":\"62 - Muistiterveys\",\"isPartOf\":{\"@id\":\"https:\/\/ksmuistiyhdistys.fi\/korttipakka\/#website\"},\"datePublished\":\"2022-08-18T15:15:58+00:00\",\"dateModified\":\"2022-08-18T15:15:58+00:00\",\"inLanguage\":\"fi\",\"potentialAction\":[{\"@type\":\"ReadAction\",\"target\":[\"https:\/\/ksmuistiyhdistys.fi\/korttipakka\/palautuminen\/62\/\"]}]},{\"@type\":\"WebSite\",\"@id\":\"https:\/\/ksmuistiyhdistys.fi\/korttipakka\/#website\",\"url\":\"https:\/\/ksmuistiyhdistys.fi\/korttipakka\/\",\"name\":\"Kognitiivisen ergonomian korttipakka\",\"description\":\"Muisti ty\u00f6ss\u00e4 Ty\u00f6 muistissa\",\"publisher\":{\"@id\":\"https:\/\/ksmuistiyhdistys.fi\/korttipakka\/#organization\"},\"alternateName\":\"Ty\u00f6st\u00e4 aivovoimaa\",\"potentialAction\":[{\"@type\":\"SearchAction\",\"target\":{\"@type\":\"EntryPoint\",\"urlTemplate\":\"https:\/\/ksmuistiyhdistys.fi\/korttipakka\/?s={search_term_string}\"},\"query-input\":\"required name=search_term_string\"}],\"inLanguage\":\"fi\"},{\"@type\":\"Organization\",\"@id\":\"https:\/\/ksmuistiyhdistys.fi\/korttipakka\/#organization\",\"name\":\"Keski-Suomen Muistiyhdistys\",\"alternateName\":\"Ty\u00f6st\u00e4 aivovoimaa\",\"url\":\"https:\/\/ksmuistiyhdistys.fi\/korttipakka\/\",\"logo\":{\"@type\":\"ImageObject\",\"inLanguage\":\"fi\",\"@id\":\"https:\/\/ksmuistiyhdistys.fi\/korttipakka\/#\/schema\/logo\/image\/\",\"url\":\"https:\/\/ksmuistiyhdistys.fi\/korttipakka\/wp-content\/uploads\/2022\/10\/tyosta_aivovoimaa_logo.png\",\"contentUrl\":\"https:\/\/ksmuistiyhdistys.fi\/korttipakka\/wp-content\/uploads\/2022\/10\/tyosta_aivovoimaa_logo.png\",\"width\":512,\"height\":196,\"caption\":\"Keski-Suomen Muistiyhdistys\"},\"image\":{\"@id\":\"https:\/\/ksmuistiyhdistys.fi\/korttipakka\/#\/schema\/logo\/image\/\"}}]}<\/script>\n<!-- \/ Yoast SEO plugin. -->","yoast_head_json":{"title":"62 - Muistiterveys","robots":{"index":"index","follow":"follow","max-snippet":"max-snippet:-1","max-image-preview":"max-image-preview:large","max-video-preview":"max-video-preview:-1"},"canonical":"https:\/\/ksmuistiyhdistys.fi\/korttipakka\/palautuminen\/62\/","og_locale":"fi_FI","og_type":"article","og_title":"62 - Muistiterveys","og_description":"Tampereen yliopiston tutkimus: k\u00e4vely ulkona lounastauon aikana oli yhteydess\u00e4 parempaan keskittymiskykyyn ja v\u00e4h\u00e4isemp\u00e4\u00e4n v\u00e4symykseen iltap\u00e4iv\u00e4ll\u00e4 ennen kotiin l\u00e4ht\u00f6\u00e4. L\u00e4hde: Ty\u00f6kuormituksesta [&hellip;]","og_url":"https:\/\/ksmuistiyhdistys.fi\/korttipakka\/palautuminen\/62\/","og_site_name":"Muistiterveys","twitter_card":"summary_large_image","twitter_misc":{"Arvioitu lukuaika":"1 minuutti"},"schema":{"@context":"https:\/\/schema.org","@graph":[{"@type":"WebPage","@id":"https:\/\/ksmuistiyhdistys.fi\/korttipakka\/palautuminen\/62\/","url":"https:\/\/ksmuistiyhdistys.fi\/korttipakka\/palautuminen\/62\/","name":"62 - Muistiterveys","isPartOf":{"@id":"https:\/\/ksmuistiyhdistys.fi\/korttipakka\/#website"},"datePublished":"2022-08-18T15:15:58+00:00","dateModified":"2022-08-18T15:15:58+00:00","inLanguage":"fi","potentialAction":[{"@type":"ReadAction","target":["https:\/\/ksmuistiyhdistys.fi\/korttipakka\/palautuminen\/62\/"]}]},{"@type":"WebSite","@id":"https:\/\/ksmuistiyhdistys.fi\/korttipakka\/#website","url":"https:\/\/ksmuistiyhdistys.fi\/korttipakka\/","name":"Kognitiivisen ergonomian korttipakka","description":"Muisti ty\u00f6ss\u00e4 Ty\u00f6 muistissa","publisher":{"@id":"https:\/\/ksmuistiyhdistys.fi\/korttipakka\/#organization"},"alternateName":"Ty\u00f6st\u00e4 aivovoimaa","potentialAction":[{"@type":"SearchAction","target":{"@type":"EntryPoint","urlTemplate":"https:\/\/ksmuistiyhdistys.fi\/korttipakka\/?s={search_term_string}"},"query-input":"required name=search_term_string"}],"inLanguage":"fi"},{"@type":"Organization","@id":"https:\/\/ksmuistiyhdistys.fi\/korttipakka\/#organization","name":"Keski-Suomen Muistiyhdistys","alternateName":"Ty\u00f6st\u00e4 aivovoimaa","url":"https:\/\/ksmuistiyhdistys.fi\/korttipakka\/","logo":{"@type":"ImageObject","inLanguage":"fi","@id":"https:\/\/ksmuistiyhdistys.fi\/korttipakka\/#\/schema\/logo\/image\/","url":"https:\/\/ksmuistiyhdistys.fi\/korttipakka\/wp-content\/uploads\/2022\/10\/tyosta_aivovoimaa_logo.png","contentUrl":"https:\/\/ksmuistiyhdistys.fi\/korttipakka\/wp-content\/uploads\/2022\/10\/tyosta_aivovoimaa_logo.png","width":512,"height":196,"caption":"Keski-Suomen Muistiyhdistys"},"image":{"@id":"https:\/\/ksmuistiyhdistys.fi\/korttipakka\/#\/schema\/logo\/image\/"}}]}},"_links":{"self":[{"href":"https:\/\/ksmuistiyhdistys.fi\/korttipakka\/wp-json\/wp\/v2\/palautuminen\/271"}],"collection":[{"href":"https:\/\/ksmuistiyhdistys.fi\/korttipakka\/wp-json\/wp\/v2\/palautuminen"}],"about":[{"href":"https:\/\/ksmuistiyhdistys.fi\/korttipakka\/wp-json\/wp\/v2\/types\/palautuminen"}],"wp:attachment":[{"href":"https:\/\/ksmuistiyhdistys.fi\/korttipakka\/wp-json\/wp\/v2\/media?parent=271"}],"wp:term":[{"taxonomy":"category","embeddable":true,"href":"https:\/\/ksmuistiyhdistys.fi\/korttipakka\/wp-json\/wp\/v2\/categories?post=271"}],"curies":[{"name":"wp","href":"https:\/\/api.w.org\/{rel}","templated":true}]}}

<p><span data-sheets-value="{&quot;1&quot;:2,&quot;2&quot;:&quot;Tampereen yliopiston tutkimus: kävely ulkona lounastauon aikana oli yhteydessä parempaan keskittymiskykyyn ja vähäisempään väsymykseen iltapäivällä ennen kotiin lähtöä. Lähde: Työkuormituksesta palautuminen: työ- ja ympäristöpsykologisten näkökulmien yhdistäminen (2012-2016)&quot;}" data-sheets-userformat="{&quot;2&quot;:897,&quot;3&quot;:{&quot;1&quot;:0},&quot;10&quot;:0,&quot;11&quot;:4,&quot;12&quot;:0}">Tampereen yliopiston tutkimus: kävely ulkona lounastauon aikana oli yhteydessä parempaan keskittymiskykyyn ja vähäisempään väsymykseen iltapäivällä ennen kotiin lähtöä. Lähde: Työkuormituksesta palautuminen: työ- ja ympäristöpsykologisten näkökulmien yhdistäminen (2012-2016)</span></p>
<ul>
<li><span data-sheets-value="{&quot;1&quot;:2,&quot;2&quot;:&quot;Käy luontokävelyllä/puistokävelyllä/ulkoilemassa esim. 15 minuuttia työpäivän aikana.&quot;}" data-sheets-userformat="{&quot;2&quot;:641,&quot;3&quot;:{&quot;1&quot;:0},&quot;10&quot;:0,&quot;12&quot;:0}">Käy luontokävelyllä/puistokävelyllä/ulkoilemassa esim. 15 minuuttia työpäivän aikana.</span></li>
</ul>

<p>Tampereen yliopiston tutkimus: kävely ulkona lounastauon aikana oli yhteydessä parempaan keskittymiskykyyn ja vähäisempään väsymykseen iltapäivällä ennen kotiin lähtöä. Lähde: Työkuormituksesta [&hellip;]</p>

<!-- This site is optimized with the Yoast SEO plugin v19.11 - https://yoast.com/wordpress/plugins/seo/ -->
<title>62 - Muistiterveys</title>
<meta name="robots" content="index, follow, max-snippet:-1, max-image-preview:large, max-video-preview:-1" />
<link rel="canonical" href="https://ksmuistiyhdistys.fi/korttipakka/palautuminen/62/" />
<meta property="og:locale" content="fi_FI" />
<meta property="og:type" content="article" />
<meta property="og:title" content="62 - Muistiterveys" />
<meta property="og:description" content="Tampereen yliopiston tutkimus: kävely ulkona lounastauon aikana oli yhteydessä parempaan keskittymiskykyyn ja vähäisempään väsymykseen iltapäivällä ennen kotiin lähtöä. Lähde: Työkuormituksesta [&hellip;]" />
<meta property="og:url" content="https://ksmuistiyhdistys.fi/korttipakka/palautuminen/62/" />
<meta property="og:site_name" content="Muistiterveys" />
<meta name="twitter:card" content="summary_large_image" />
<meta name="twitter:label1" content="Arvioitu lukuaika" />
	<meta name="twitter:data1" content="1 minuutti" />
<script type="application/ld+json" class="yoast-schema-graph">{"@context":"https://schema.org","@graph":[{"@type":"WebPage","@id":"https://ksmuistiyhdistys.fi/korttipakka/palautuminen/62/","url":"https://ksmuistiyhdistys.fi/korttipakka/palautuminen/62/","name":"62 - Muistiterveys","isPartOf":{"@id":"https://ksmuistiyhdistys.fi/korttipakka/#website"},"datePublished":"2022-08-18T15:15:58+00:00","dateModified":"2022-08-18T15:15:58+00:00","inLanguage":"fi","potentialAction":[{"@type":"ReadAction","target":["https://ksmuistiyhdistys.fi/korttipakka/palautuminen/62/"]}]},{"@type":"WebSite","@id":"https://ksmuistiyhdistys.fi/korttipakka/#website","url":"https://ksmuistiyhdistys.fi/korttipakka/","name":"Kognitiivisen ergonomian korttipakka","description":"Muisti työssä Työ muistissa","publisher":{"@id":"https://ksmuistiyhdistys.fi/korttipakka/#organization"},"alternateName":"Työstä aivovoimaa","potentialAction":[{"@type":"SearchAction","target":{"@type":"EntryPoint","urlTemplate":"https://ksmuistiyhdistys.fi/korttipakka/?s={search_term_string}"},"query-input":"required name=search_term_string"}],"inLanguage":"fi"},{"@type":"Organization","@id":"https://ksmuistiyhdistys.fi/korttipakka/#organization","name":"Keski-Suomen Muistiyhdistys","alternateName":"Työstä aivovoimaa","url":"https://ksmuistiyhdistys.fi/korttipakka/","logo":{"@type":"ImageObject","inLanguage":"fi","@id":"https://ksmuistiyhdistys.fi/korttipakka/#/schema/logo/image/","url":"https://ksmuistiyhdistys.fi/korttipakka/wp-content/uploads/2022/10/tyosta_aivovoimaa_logo.png","contentUrl":"https://ksmuistiyhdistys.fi/korttipakka/wp-content/uploads/2022/10/tyosta_aivovoimaa_logo.png","width":512,"height":196,"caption":"Keski-Suomen Muistiyhdistys"},"image":{"@id":"https://ksmuistiyhdistys.fi/korttipakka/#/schema/logo/image/"}}]}</script>
<!-- / Yoast SEO plugin. -->

Tampereen yliopiston tutkimus: kävely ulkona lounastauon aikana oli yhteydessä parempaan keskittymiskykyyn ja vähäisempään väsymykseen iltapäivällä ennen kotiin lähtöä. Lähde: Työkuormituksesta [&hellip;]

Muisti työssä Työ muistissa

Työstä aivovoimaa
