{"id":3,"date":"2021-04-12T08:57:01","date_gmt":"2021-04-12T08:57:01","guid":{"rendered":"https:\/\/ksmuistiyhdistys.fi\/korttipakka\/?page_id=3"},"modified":"2022-11-29T14:24:39","modified_gmt":"2022-11-29T12:24:39","slug":"evastekaytannot","status":"publish","type":"page","link":"https:\/\/ksmuistiyhdistys.fi\/korttipakka\/evastekaytannot\/","title":{"rendered":"Ev\u00e4stek\u00e4yt\u00e4nn\u00f6t"},"content":{"rendered":"<h1>Tietoa ev\u00e4steist\u00e4<\/h1>\n<p>Jotta t\u00e4m\u00e4 sivusto toimisi mahdollisimman hyvin, se tallentaa aika ajoin laitteellesi pieni\u00e4 datatiedostoja, joita kutsutaan ev\u00e4steiksi (cookies). T\u00e4m\u00e4 on nyky\u00e4\u00e4n yleinen k\u00e4yt\u00e4nt\u00f6 useimmissa verkkosivustoissa.<\/p>\n<h2>Mit\u00e4 ev\u00e4steit\u00e4 www.ksmuistiyhdistys.fi k\u00e4ytt\u00e4\u00e4?<\/h2>\n<ul>\n<li><strong>Google Analytics:<\/strong> Ker\u00e4\u00e4mme sivustoltamme analytiikkaa, jotta tied\u00e4mme kuinka moni sivuillamme vierailee. Tiedon ker\u00e4\u00e4misen voit est\u00e4\u00e4 internetselaimesi asetuksista.<\/li>\n<li><strong>Facebook:<\/strong>\u00a0Sivuiltamme l\u00f6ytyv\u00e4 Facebook -lis\u00e4osa ker\u00e4\u00e4 ev\u00e4stetoimintoja seuraavien tietojen mukaisesti: Jos olet aikaisemmin saanut ev\u00e4steen Facebookilta joko siksi, ett\u00e4 sinulla on tili tai olet k\u00e4ynyt osoitteessa facebook.com, selaimesi l\u00e4hett\u00e4\u00e4 Facebookille tietoa t\u00e4st\u00e4 ev\u00e4steest\u00e4, kun k\u00e4yt sivustossa, jossa on Tykk\u00e4\u00e4-painike tai jokin muu yhteis\u00f6liit\u00e4nn\u00e4inen. Facebook k\u00e4ytt\u00e4\u00e4 n\u00e4it\u00e4 ev\u00e4stetietoja n\u00e4ytt\u00e4\u00e4kseen sinulle yksil\u00f6idyn kokemuksen sivustossa sek\u00e4 Facebookissa, auttaakseen yll\u00e4pit\u00e4m\u00e4\u00e4n ja parantamaan palvelua ja suojellakseen sinua ja Facebookia haitallisilta toiminnoilta. Facebook poistaa tai muuttaa nimett\u00f6miksi tiedot 90 p\u00e4iv\u00e4n kuluttua, eik\u00e4 myy niit\u00e4 mainostajille tai jaa tietoja ilman lupaasi. Lue tarkemmin Facebookin yhteis\u00f6liit\u00e4nn\u00e4isi\u00e4 koskevat <a href=\"https:\/\/fi-fi.facebook.com\/help\/443483272359009\" target=\"_blank\" rel=\"noopener\">tiedot<\/a>*. Linkki ohjautuu osoitteeseen Facebook.com.<\/li>\n<\/ul>\n<p>Voit halutessasi poistaa koska tahansa kaikki tietokoneellasi olevat ev\u00e4steet, ja useimmat selaimet voi asettaa torjumaan ne kokonaan automaattisesti.<\/p>\n<p>Linkit selainkohtaisiin ohjeisiin ev\u00e4steiden hallinnoinnista: <a href=\"https:\/\/support.google.com\/chrome\/answer\/95647?co=GENIE.Platform%3DDesktop&amp;hl=fi\" target=\"_blank\" rel=\"noopener\">Google Chrome<\/a> | <a href=\"https:\/\/support.mozilla.org\/fi\/products\/firefox\/protect-your-privacy\/cookies\">Firefox<\/a> | <a href=\"https:\/\/support.microsoft.com\/fi-fi\/help\/17442\/windows-internet-explorer-delete-manage-cookies\">Internet Explorer<\/a> | <a href=\"https:\/\/support.apple.com\/fi-fi\/guide\/safari\/sfri11471\/mac\">Safari<\/a> | <a href=\"https:\/\/help.opera.com\/en\/latest\/web-preferences\/#cookies\">Opera (eng)<\/a><\/p>\n<h2>Mit\u00e4 ev\u00e4steet ovat?<\/h2>\n<p>Ev\u00e4steet ovat pieni\u00e4 tekstitiedostoja, joita verkkosivusto tallentaa tietokoneellesi tai mobiililaitteellesi, kun vierailet sivustolla. Ev\u00e4steill\u00e4 on erilaisia teht\u00e4vi\u00e4. Ne esimerkiksi tallentavat tietoa laitteesi k\u00e4yt\u00f6st\u00e4 ja k\u00e4ytt\u00f6tavoista, muun muassa valitsemasi kielen, fonttikoon ja erilaiset n\u00e4ytt\u00f6asetukset. N\u00e4in tallentuneet tiedot tarvitsee antaa vain kerran eik\u00e4 aina erikseen sivustolla k\u00e4ydess\u00e4si tai sivuja selaillessasi. <strong>Ev\u00e4steiden k\u00e4ytt\u00f6 ei vahingoita tietokonettasi<\/strong>.<\/p>\n<h2>Kuinka voit hallita ev\u00e4steit\u00e4?<\/h2>\n<p>Voit est\u00e4\u00e4 ja poistaa ev\u00e4steit\u00e4 vapaasti. Yleens\u00e4 ev\u00e4steet poistuvat\/poistetaan automaattisesti tietyn ajan kuluttua. <strong>Voit poistaa kaikki tietokoneellasi olevat ev\u00e4steet, ja useimmat selaimet voi asettaa torjumaan ne kokonaan.<\/strong> Saattaa my\u00f6s olla, ett\u00e4 et voi k\u00e4ytt\u00e4\u00e4 joitakin sivustolla olevia palveluja ja toimintoja torjuessasi ev\u00e4steet.<\/p>\n<p><a href=\"https:\/\/www.viestintavirasto.fi\/kyberturvallisuus\/tietoturvaohjeet\/palveluidenturvallinenkaytto\/evasteet.html\">T\u00e4m\u00e4n linkin kautta voit lukea Viestint\u00e4viraston tiedotteen ev\u00e4steist\u00e4.<\/a><\/p>\n<h2>Ev\u00e4stek\u00e4yt\u00e4nt\u00f6 ei koske kolmansien osapuolten nettisivuja.<\/h2>\n<p>Huomioithan, ett\u00e4 t\u00e4m\u00e4 ev\u00e4stek\u00e4yt\u00e4nt\u00f6 ei koske kolmansien osapuolten sivujen, joihin saattaa olla linkit sivuillamme, tietosuojak\u00e4yt\u00e4nt\u00f6j\u00e4, emmek\u00e4 ota n\u00e4ist\u00e4 vastuuta.<\/p>\n","protected":false},"excerpt":{"rendered":"<p>Tietoa ev\u00e4steist\u00e4 Jotta t\u00e4m\u00e4 sivusto toimisi mahdollisimman hyvin, se tallentaa aika ajoin laitteellesi pieni\u00e4 datatiedostoja, joita kutsutaan ev\u00e4steiksi (cookies). T\u00e4m\u00e4 [&hellip;]<\/p>\n","protected":false},"author":1,"featured_media":0,"parent":0,"menu_order":0,"comment_status":"closed","ping_status":"open","template":"","meta":[],"yoast_head":"<!-- This site is optimized with the Yoast SEO plugin v19.11 - https:\/\/yoast.com\/wordpress\/plugins\/seo\/ -->\n<title>Ev\u00e4stek\u00e4yt\u00e4nn\u00f6t - Muistiterveys<\/title>\n<meta name=\"robots\" content=\"noindex, follow\" \/>\n<meta property=\"og:locale\" content=\"fi_FI\" \/>\n<meta property=\"og:type\" content=\"article\" \/>\n<meta property=\"og:title\" content=\"Ev\u00e4stek\u00e4yt\u00e4nn\u00f6t - Muistiterveys\" \/>\n<meta property=\"og:description\" content=\"Tietoa ev\u00e4steist\u00e4 Jotta t\u00e4m\u00e4 sivusto toimisi mahdollisimman hyvin, se tallentaa aika ajoin laitteellesi pieni\u00e4 datatiedostoja, joita kutsutaan ev\u00e4steiksi (cookies). T\u00e4m\u00e4 [&hellip;]\" \/>\n<meta property=\"og:url\" content=\"https:\/\/ksmuistiyhdistys.fi\/korttipakka\/evastekaytannot\/\" \/>\n<meta property=\"og:site_name\" content=\"Muistiterveys\" \/>\n<meta property=\"article:modified_time\" content=\"2022-11-29T12:24:39+00:00\" \/>\n<meta name=\"twitter:card\" content=\"summary_large_image\" \/>\n<meta name=\"twitter:label1\" content=\"Arvioitu lukuaika\" \/>\n\t<meta name=\"twitter:data1\" content=\"2 minuuttia\" \/>\n<script type=\"application\/ld+json\" class=\"yoast-schema-graph\">{\"@context\":\"https:\/\/schema.org\",\"@graph\":[{\"@type\":\"WebPage\",\"@id\":\"https:\/\/ksmuistiyhdistys.fi\/korttipakka\/evastekaytannot\/\",\"url\":\"https:\/\/ksmuistiyhdistys.fi\/korttipakka\/evastekaytannot\/\",\"name\":\"Ev\u00e4stek\u00e4yt\u00e4nn\u00f6t - Muistiterveys\",\"isPartOf\":{\"@id\":\"https:\/\/ksmuistiyhdistys.fi\/korttipakka\/#website\"},\"datePublished\":\"2021-04-12T08:57:01+00:00\",\"dateModified\":\"2022-11-29T12:24:39+00:00\",\"inLanguage\":\"fi\",\"potentialAction\":[{\"@type\":\"ReadAction\",\"target\":[\"https:\/\/ksmuistiyhdistys.fi\/korttipakka\/evastekaytannot\/\"]}]},{\"@type\":\"WebSite\",\"@id\":\"https:\/\/ksmuistiyhdistys.fi\/korttipakka\/#website\",\"url\":\"https:\/\/ksmuistiyhdistys.fi\/korttipakka\/\",\"name\":\"Kognitiivisen ergonomian korttipakka\",\"description\":\"Muisti ty\u00f6ss\u00e4 Ty\u00f6 muistissa\",\"publisher\":{\"@id\":\"https:\/\/ksmuistiyhdistys.fi\/korttipakka\/#organization\"},\"alternateName\":\"Ty\u00f6st\u00e4 aivovoimaa\",\"potentialAction\":[{\"@type\":\"SearchAction\",\"target\":{\"@type\":\"EntryPoint\",\"urlTemplate\":\"https:\/\/ksmuistiyhdistys.fi\/korttipakka\/?s={search_term_string}\"},\"query-input\":\"required name=search_term_string\"}],\"inLanguage\":\"fi\"},{\"@type\":\"Organization\",\"@id\":\"https:\/\/ksmuistiyhdistys.fi\/korttipakka\/#organization\",\"name\":\"Keski-Suomen Muistiyhdistys\",\"alternateName\":\"Ty\u00f6st\u00e4 aivovoimaa\",\"url\":\"https:\/\/ksmuistiyhdistys.fi\/korttipakka\/\",\"logo\":{\"@type\":\"ImageObject\",\"inLanguage\":\"fi\",\"@id\":\"https:\/\/ksmuistiyhdistys.fi\/korttipakka\/#\/schema\/logo\/image\/\",\"url\":\"https:\/\/ksmuistiyhdistys.fi\/korttipakka\/wp-content\/uploads\/2022\/10\/tyosta_aivovoimaa_logo.png\",\"contentUrl\":\"https:\/\/ksmuistiyhdistys.fi\/korttipakka\/wp-content\/uploads\/2022\/10\/tyosta_aivovoimaa_logo.png\",\"width\":512,\"height\":196,\"caption\":\"Keski-Suomen Muistiyhdistys\"},\"image\":{\"@id\":\"https:\/\/ksmuistiyhdistys.fi\/korttipakka\/#\/schema\/logo\/image\/\"}}]}<\/script>\n<!-- \/ Yoast SEO plugin. -->","yoast_head_json":{"title":"Ev\u00e4stek\u00e4yt\u00e4nn\u00f6t - Muistiterveys","robots":{"index":"noindex","follow":"follow"},"og_locale":"fi_FI","og_type":"article","og_title":"Ev\u00e4stek\u00e4yt\u00e4nn\u00f6t - Muistiterveys","og_description":"Tietoa ev\u00e4steist\u00e4 Jotta t\u00e4m\u00e4 sivusto toimisi mahdollisimman hyvin, se tallentaa aika ajoin laitteellesi pieni\u00e4 datatiedostoja, joita kutsutaan ev\u00e4steiksi (cookies). T\u00e4m\u00e4 [&hellip;]","og_url":"https:\/\/ksmuistiyhdistys.fi\/korttipakka\/evastekaytannot\/","og_site_name":"Muistiterveys","article_modified_time":"2022-11-29T12:24:39+00:00","twitter_card":"summary_large_image","twitter_misc":{"Arvioitu lukuaika":"2 minuuttia"},"schema":{"@context":"https:\/\/schema.org","@graph":[{"@type":"WebPage","@id":"https:\/\/ksmuistiyhdistys.fi\/korttipakka\/evastekaytannot\/","url":"https:\/\/ksmuistiyhdistys.fi\/korttipakka\/evastekaytannot\/","name":"Ev\u00e4stek\u00e4yt\u00e4nn\u00f6t - Muistiterveys","isPartOf":{"@id":"https:\/\/ksmuistiyhdistys.fi\/korttipakka\/#website"},"datePublished":"2021-04-12T08:57:01+00:00","dateModified":"2022-11-29T12:24:39+00:00","inLanguage":"fi","potentialAction":[{"@type":"ReadAction","target":["https:\/\/ksmuistiyhdistys.fi\/korttipakka\/evastekaytannot\/"]}]},{"@type":"WebSite","@id":"https:\/\/ksmuistiyhdistys.fi\/korttipakka\/#website","url":"https:\/\/ksmuistiyhdistys.fi\/korttipakka\/","name":"Kognitiivisen ergonomian korttipakka","description":"Muisti ty\u00f6ss\u00e4 Ty\u00f6 muistissa","publisher":{"@id":"https:\/\/ksmuistiyhdistys.fi\/korttipakka\/#organization"},"alternateName":"Ty\u00f6st\u00e4 aivovoimaa","potentialAction":[{"@type":"SearchAction","target":{"@type":"EntryPoint","urlTemplate":"https:\/\/ksmuistiyhdistys.fi\/korttipakka\/?s={search_term_string}"},"query-input":"required name=search_term_string"}],"inLanguage":"fi"},{"@type":"Organization","@id":"https:\/\/ksmuistiyhdistys.fi\/korttipakka\/#organization","name":"Keski-Suomen Muistiyhdistys","alternateName":"Ty\u00f6st\u00e4 aivovoimaa","url":"https:\/\/ksmuistiyhdistys.fi\/korttipakka\/","logo":{"@type":"ImageObject","inLanguage":"fi","@id":"https:\/\/ksmuistiyhdistys.fi\/korttipakka\/#\/schema\/logo\/image\/","url":"https:\/\/ksmuistiyhdistys.fi\/korttipakka\/wp-content\/uploads\/2022\/10\/tyosta_aivovoimaa_logo.png","contentUrl":"https:\/\/ksmuistiyhdistys.fi\/korttipakka\/wp-content\/uploads\/2022\/10\/tyosta_aivovoimaa_logo.png","width":512,"height":196,"caption":"Keski-Suomen Muistiyhdistys"},"image":{"@id":"https:\/\/ksmuistiyhdistys.fi\/korttipakka\/#\/schema\/logo\/image\/"}}]}},"_links":{"self":[{"href":"https:\/\/ksmuistiyhdistys.fi\/korttipakka\/wp-json\/wp\/v2\/pages\/3"}],"collection":[{"href":"https:\/\/ksmuistiyhdistys.fi\/korttipakka\/wp-json\/wp\/v2\/pages"}],"about":[{"href":"https:\/\/ksmuistiyhdistys.fi\/korttipakka\/wp-json\/wp\/v2\/types\/page"}],"author":[{"embeddable":true,"href":"https:\/\/ksmuistiyhdistys.fi\/korttipakka\/wp-json\/wp\/v2\/users\/1"}],"replies":[{"embeddable":true,"href":"https:\/\/ksmuistiyhdistys.fi\/korttipakka\/wp-json\/wp\/v2\/comments?post=3"}],"version-history":[{"count":3,"href":"https:\/\/ksmuistiyhdistys.fi\/korttipakka\/wp-json\/wp\/v2\/pages\/3\/revisions"}],"predecessor-version":[{"id":689,"href":"https:\/\/ksmuistiyhdistys.fi\/korttipakka\/wp-json\/wp\/v2\/pages\/3\/revisions\/689"}],"wp:attachment":[{"href":"https:\/\/ksmuistiyhdistys.fi\/korttipakka\/wp-json\/wp\/v2\/media?parent=3"}],"curies":[{"name":"wp","href":"https:\/\/api.w.org\/{rel}","templated":true}]}}